8
Suppose -2*a - 12 = 2*j - 6*j, -a = -4*j + 12. Let d be (3/(-6))/(j/(-24)). Suppose -20 = -p - d*p. Let k(h) = h + 5. Calculate k(p).
9
Let t(o) be the first derivative of -o**3/3 + 2*o**2 + 5*o + 3. Let n be 48/(-32)*(-4)/6. Let c be (0 + -2)/2 + (n - -6). Give t(c).
-7
Let l be (-5)/2 - (126/(-4))/(-21). Let b(z) = -z**3 - 4*z**2 + 3. What is b(l)?
3
Let u be ((-12)/10)/(4/(-10)). Let i(p) = -u*p - 3 + 4*p + 2*p + p**2. Let v be (-516)/(-48) + -11 + (-11)/4. Determine i(v).
-3
Suppose 5*v = o - 34, -5*v + 2*o = 17 + 16. Let t(b) = -2*b**2 - 9*b - 8. Let k(p) = p**2 - 1. Let y(m) = k(m) + t(m). Calculate y(v).
5
Let j(q) be the third derivative of 13*q**4/12 + 10*q**3/3 + 12*q**2. Suppose 4 = 3*d - 2. Let m(a) = 5*a + 4. Let b(g) = d*j(g) - 11*m(g). What is b(-3)?
5
Let o(a) = a**2 + 10*a + 22. Let p be o(-10). Let w = p - 19. Let s(n) = 83 - 73 + w*n - 2*n. Determine s(0).
10
Let f(u) = 4*u**2 - 3*u. Let o(p) be the third derivative of p**6/120 + p**5/60 - p**4/4 + p**3/3 - 5*p**2. Suppose -6 = 2*t - 0. Let i be o(t). Determine f(i).
10
Suppose 4*o + 76 = 88. Let f(w) = w**2 - 3*w - 3. Give f(o).
-3
Let b(m) = 49*m**3 - 20*m**3 - 19*m**3 - 11 - 7*m**2 - 11*m**3 - 7*m. What is b(-6)?
-5
Suppose -29*s + 26*s - 5 = -2*x, -s + 2*x = 7. Let b(p) = 67*p**3 - p. Determine b(s).
66
Let r(z) be the first derivative of -z**3/3 + z**2 - 3*z + 54. Calculate r(-3).
-18
Let b(i) = -i**2 - 8*i - 8. Suppose 5*m = -4 + 24. Suppose g - m*g - 24 = 4*s, 3*s + 4*g = -18. Determine b(s).
4
Let k(h) = 4*h + 7*h + 1 + 6*h - 6*h. What is k(-3)?
-32
Let a(b) = -b**3 + b + 1. Let j(z) = 11*z - 29. Let p be j(4). Suppose -6*w = -3 + p. What is a(w)?
7
Let j(m) = -4*m + m**3 - 6*m + 2*m + 7*m**2 + 2*m + 0*m**3. Determine j(-8).
-16
Let q(d) = 4*d - 10. Let s be q(-8). Let l be (10/(-35))/(3/s). Let w(b) = -3*b**2 - l*b**2 + 8*b**2. Give w(-3).
9
Let b = 39 - 68. Let p = b - -25. Let u(t) = 3*t - 2. Determine u(p).
-14
Suppose -i + 2 = 0, 0*n + 26 = 3*n + i. Let r = 14 - n. Let t(g) = -g**2 + 8*g. Calculate t(r).
12
Let i(k) = -k + 4. Let n be i(0). Let o(d) be the first derivative of 17 - 5*d + 1/2*d**2. Determine o(n).
-1
Suppose -408 = 55*u - 4*u. Let r(m) = 3*m + 19. Give r(u).
-5
Let r(o) = 7*o**3 + 8*o**2 + 3*o - 10. Let c(l) = 10*l**3 + 12*l**2 + 4*l - 15. Let u be (5 - 3)/(1 - -1)*7. Let v(q) = u*r(q) - 5*c(q). Determine v(-4).
1
Suppose -5*l + 7*l = 28. Let y(u) = 18*u - l*u - 10*u. What is y(1)?
-6
Let i(a) = 2*a**2 - 5*a - 13. Let l(t) = -t**2 - 1. Let d(c) = -6*c**2 + 2*c + 1. Let g(k) = d(k) - 5*l(k). Let b(v) = -7*g(v) - 3*i(v). Give b(-3).
3
Let b(s) = 17*s - 5. Let i(g) = 100*g - 30. Let z(p) = 35*b(p) - 6*i(p). Determine z(4).
-15
Let b(j) be the second derivative of -4*j + 0 - 5/6*j**3 - 3/2*j**2. Determine b(-2).
7
Let l(i) = 2*i - 7 - 1 - 5*i**2 + 1 - 4*i**3. Let u(g) = g**3 + g**2 - g + 1. Let o(a) = l(a) + 5*u(a). Give o(-2).
-4
Let m(y) = y**3 + 10*y**2 + 11*y + 5. Let h be ((-57)/(-2))/(-3)*(-13 - -19). Let r = 48 + h. Give m(r).
-13
Let v(a) = -2*a**3 + 3*a**2 + 3*a - 1. Let t(o) = -o**3 + o**2 - 1. Let q(y) = -t(y) + v(y). Suppose -5*b = -12*b + 126. Let k = 21 - b. Give q(k).
0
Let g(p) = -2*p - 4. Let x be g(-3). Let u(q) = 0*q + 11*q - x*q. Suppose -2*b - 5*s = -3*b + 4, 3*s = b - 2. Give u(b).
-9
Let p(m) = 3*m - 1. Let n = 28 - 35. What is p(n)?
-22
Let t(m) = -m**2 - 2*m + 7. Suppose -112 + 12 = 20*n. Calculate t(n).
-8
Let s = -9 + 5. Let v(r) = -30*r**3 - 10*r**2 - r + 17. Let h(i) = 7*i**3 + 2*i**2 - 4. Let q(x) = 17*h(x) + 4*v(x). Calculate q(s).
-16
Let x(g) = g**3 - 5*g**2 - 4*g - 8. Let m = 69 + -63. What is x(m)?
4
Let t(u) = 2*u**2 + 2*u - 2. Let y be t(2). Let a be (12/y)/((-1)/5). Let d(m) be the first derivative of -m**2 - 7*m - 4818. Give d(a).
5
Let d(g) = -3*g + g**3 + 0*g + 5 + 9*g + 6*g**2. Let l be (-32)/(-18) - (-2)/9. Suppose -3*r = -3*b + 3, 4*b + 2 + 4 = l*r. Give d(r).
0
Let j(x) = -12*x + 3. Let d = 1080 - 1081. What is j(d)?
15
Let o(w) = w + 4. Let i = 441 - 439. What is o(i)?
6
Let l(p) = 2*p - 3*p + 0*p + 2*p - 5. Let b be l(5). Let g(c) = -2*c + 2 + 4 + b + 0*c. Calculate g(5).
-4
Suppose 16*q - 5 = 43. Let o(g) = -g**3 + 3 + g + 2*g**3 - g**2 + 0. What is o(q)?
24
Let p(h) be the third derivative of -h**5/60 + 5*h**4/24 - 2*h**3/3 + 10*h**2. Let q be 1/(-2)*6*-2. Calculate p(q).
-10
Let v = -46 - -25. Let x = 21 + v. Let s(i) = -2*i + 14 + 3*i + x*i. Calculate s(-7).
7
Let b = -8 + 2. Let t(p) = -39*p + 21*p - 6 + p**2 + 22*p. What is t(b)?
6
Let o(v) be the third derivative of v**5/60 - 7*v**4/24 + v**3/6 + 166*v**2. What is o(7)?
1
Let l(b) = b**2 - 14*b + 12. Let q be l(13). Let c be (q + 9/6)*(3 + 3). Let i(x) = -2*x - 3. Calculate i(c).
-9
Let o be (-5)/5 + 3*1. Let i(w) be the first derivative of -2*w**2 + 4/3*w**3 - 1/4*w**4 + 3*w - 4. What is i(o)?
3
Let x = 1 + 12. Let z = 12 - x. Let y(p) = p. What is y(z)?
-1
Let t(j) = -j**3 - 2*j**2 + 3*j - 5. Let q be t(-3). Let r(w) be the third derivative of -w**5/60 - w**4/4 - w**3/2 - 14*w**2. Give r(q).
2
Let q(i) be the first derivative of -i**2/2 + 6*i + 2. Suppose -5*v + 20 = 0, -3*v = -2*c - 0*v - 42. Let l be ((-6)/10)/(3/c). Determine q(l).
3
Let n(z) = -30*z**2 + 8*z - 10*z - 3 + 27*z**2. What is n(-2)?
-11
Let t(q) = -4*q**2 - q - 22. Let o(v) = -5*v**2 - 2*v - 24. Let m(l) = 5*o(l) - 6*t(l). Calculate m(-6).
0
Let u(n) be the third derivative of n**4/24 + 2*n**3 - 36*n**2 - 1. Calculate u(5).
17
Let o be -2 + 2*(2 + -4). Let i be 2 - 4/(-6)*o. Let s(u) be the second derivative of u**4/6 - u**3/6 + u**2/2 - 12*u. Determine s(i).
11
Let a(l) = -l**2 - 7*l + 7. Suppose v = -4*v - 5*f + 285, 0 = -5*v - 2*f + 270. Let o be v/(-9) + 1/((-27)/6). Give a(o).
13
Suppose 33 - 18 = 5*q. Let c(m) = -12*m - 4. Give c(q).
-40
Let u(v) be the third derivative of -1/6*v**3 + 0*v - 7*v**2 + 0 + 1/360*v**6 - 1/24*v**5 - 1/4*v**4. Let a(l) be the first derivative of u(l). Give a(6).
0
Suppose -4*j = -5*s + 9, 3 - 4 = s + 2*j. Let w be s - -1 - (-4 + 3). Suppose q = 5*d - 9, 4*d - 6*d + 1 = -w*q. Let r(k) = -3*k**2 + 4*k - 2. Calculate r(d).
-6
Let x(p) = 2*p. Let d be (3 + -2)/((-5)/(-10))*-1. Give x(d).
-4
Let i(k) = -3*k + 5. Let g(h) = -h + 2. Let d(r) = -4*g(r) + i(r). Give d(-7).
-10
Let r(z) be the third derivative of z**4/8 + 7*z**3/6 + 91*z**2. Determine r(8).
31
Let o be (-1)/2 - 6/(-4). Let x(m) be the second derivative of -m**3/6 - 19*m. Let u(f) = 2*f**2 - 3*f + 1. Let j(p) = u(p) - x(p). Give j(o).
1
Let u(l) = 10*l**2 - 2*l + 2. Let f = -243 + 244. Calculate u(f).
10
Let w(u) = -9*u - 41. Let k be w(-5). Let h(r) = r**3 - 5*r**2 - 3*r + 6. What is h(k)?
-22
Suppose 0 = -4*p + p + 15. Suppose -5*w + 5 = p*f, 4*f - 5*w + 41 = -0*w. Let h be f/8 + 6/(-4). Let z(m) = -m - 1. What is z(h)?
1
Suppose 0 = -2*s + 30 + 50. Suppose s - 4 = 9*y. Let m(z) = -z + z**3 - 2 - 4*z**2 + z. Give m(y).
-2
Let g(x) = 18*x - 1. Let s be (-1208)/20 - 2/(-5). Let p = s - -30. Let n be ((-2)/3)/(20/p). Give g(n).
17
Suppose 0 = n + u - 2*u + 3, -n = 3*u - 1. Let b(g) = -2 - 309*g - 4*g**2 - 4*g**2 - 320*g + 628*g. Calculate b(n).
-32
Let f(v) = -7*v**3 + v**2 - v - 1. Let x = 35 - 58. Let a = -20 - x. Suppose 5 = a*d - 8*d. What is f(d)?
8
Let d be (4 - 3)*(-5 + -2). Let k(q) be the first derivative of 1/3*q**3 - 3*q + 7/2*q**2 - 6. What is k(d)?
-3
Let t(z) = -z - 10. Let j be t(0). Let k = 6 + j. Let o(h) = 2*h**2 + 5*h - 1. Let c(g) = g**2 + 3*g. Let y(r) = 7*c(r) - 3*o(r). What is y(k)?
-5
Let q(i) be the third derivative of 5*i**4/24 - 2*i**2 - 2. What is q(1)?
5
Let z(d) = 2*d + 0*d + 1 - 7. Let k be (4/3)/(-1)*9/(-2). Give z(k).
6
Suppose 21*j - 25*j = -72. Let y = j - 11. Let c(m) = -m**2 + 9*m - 10. What is c(y)?
4
Let z(n) = n**3 + 4*n**2 + 6*n + 6. Let q be z(-2). Suppose -b = q*l + 1, -l + 2*l + 5 = 4*b. Let a(s) = -5*s - 1. Determine a(l).
4
Suppose 0 = -4*j + 2*j. Let b(q) = -2 - 5*q + 4*q + j*q + 0. Give b(-4).
2
Let a(x) = -x**2 - 5*x - 2. Let v = 45 + -70. Let z be 1/((9 + -4)/v). What is a(z)?
-2
Let h(g) = -2*g - 41. Let b be -6*2/4 - 342/18. Give h(b).
3
Suppose 0 = 3*u - 6*u. Let j(o) = 13*o**3 + 11*o**2 - 11*o. Let g(w) = -7*w**3 - 6*w**2 + 6*w. Let y(x) = -11*g(x) - 6*j(x). What is y(u)?
0
Let w(t) = t - 3*t + 4*t + t + 13. Let m(j) = -j - 7. Let d